culate the highest common divisor of 250 and 31650.
50
Calculate the highest common divisor of 82119 and 93.
93
What is the highest common divisor of 9108 and 4752?
396
What is the greatest common divisor of 1062 and 617730?
354
Calculate the greatest common factor of 130026 and 78.
78
Calculate the greatest common factor of 123728 and 10545.
703
Calculate the highest common factor of 1680 and 14091.
21
What is the greatest common divisor of 61 and 315919?
61
What is the greatest common divisor of 130 and 317746?
26
What is the highest common factor of 2726 and 149698?
58
Calculate the greatest common factor of 16050 and 3.
3
What is the highest common divisor of 30 and 358640?
10
Calculate the greatest common divisor of 54 and 415314.
54
What is the highest common divisor of 56368 and 91?
13
What is the highest common divisor of 4264 and 234?
26
Calculate the highest common divisor of 288 and 334944.
288
What is the highest common factor of 994 and 20732?
142
What is the highest common divisor of 957 and 60159?
33
What is the highest common factor of 377222 and 94?
94
What is the highest common factor of 3596 and 106144?
124
Calculate the greatest common factor of 75414 and 222.
6
Calculate the greatest common divisor of 1126 and 3294113.
563
What is the greatest common divisor of 118924 and 65?
13
Calculate the greatest common divisor of 202977 and 57.
57
What is the highest common divisor of 793 and 61009?
13
What is the highest common divisor of 6146374 and 26?
26
What is the greatest common factor of 792 and 17082?
18
What is the highest common divisor of 627 and 931?
19
What is the highest common factor of 25 and 319775?
25
What is the highest common factor of 1341 and 17880?
447
What is the greatest common factor of 236 and 1808?
4
Calculate the greatest common factor of 1668 and 1644.
12
What is the greatest common factor of 364524 and 444?
444
What is the greatest common divisor of 356 and 69954?
178
Calculate the highest common factor of 310658 and 34.
34
What is the highest common divisor of 527 and 11781?
17
Calculate the highest common divisor of 84 and 722673.
21
What is the highest common divisor of 636 and 38892?
12
What is the greatest common factor of 1488283 and 347?
347
What is the greatest common divisor of 142 and 748766?
142
Calculate the highest common divisor of 74762 and 551.
29
What is the highest common divisor of 782 and 12206?
34
What is the highest common divisor of 4936 and 10?
2
What is the highest common divisor of 852071 and 2343?
781
What is the greatest common factor of 4760 and 7336?
56
What is the highest common divisor of 55756 and 1908?
212
Calculate the greatest common divisor of 1703 and 611.
13
Calculate the highest common factor of 677249 and 389.
389
What is the greatest common factor of 473958 and 27?
27
What is the greatest common divisor of 7010 and 135?
5
Calculate the greatest common factor of 2499 and 68901.
357
Calculate the greatest common factor of 3168 and 2064.
48
What is the highest common factor of 16599 and 264?
33
What is the greatest common factor of 338591 and 11?
11
Calculate the greatest common factor of 44004 and 684.
228
Calculate the highest common divisor of 351 and 2340.
117
Calculate the greatest common divisor of 653 and 322582.
653
What is the greatest common divisor of 3305 and 1035?
5
Calculate the greatest common factor of 1690 and 56030.
130
What is the highest common divisor of 1445 and 30005?
85
What is the highest common factor of 40338 and 6142?
166
Calculate the greatest common divisor of 3752 and 38.
2
Calculate the highest common factor of 534716 and 63.
7
What is the highest common divisor of 10375 and 249?
83
What is the highest common divisor of 216716 and 544?
68
Calculate the greatest common divisor of 1048 and 1703.
131
What is the highest common divisor of 30523 and 6291?
233
Calculate the greatest common divisor of 164657 and 92.
23
What is the greatest common factor of 89437 and 595?
17
Calculate the greatest common factor of 336 and 287376.
48
Calculate the highest common divisor of 2016 and 298746.
126
Calculate the greatest common factor of 207 and 289242.
9
Calculate the highest common factor of 15695 and 7310.
215
Calculate the greatest common factor of 197565 and 135.
15
What is the highest common factor of 1363 and 1457?
47
What is the greatest common divisor of 276 and 24148?
4
What is the greatest common factor of 1067 and 33?
11
What is the highest common factor of 934 and 728987?
467
Calculate the highest common factor of 596622 and 13.
13
What is the highest common factor of 1452 and 10956?
132
What is the highest common factor of 357434 and 770?
154
What is the highest common divisor of 382 and 1347887?
191
What is the greatest common factor of 402189 and 237?
237
What is the highest common factor of 1870 and 87380?
170
What is the greatest common divisor of 9917 and 12238?
211
What is the highest common factor of 3472 and 11536?
112
Calculate the highest common factor of 179 and 131207.
179
Calculate the greatest common factor of 10 and 589435.
5
What is the highest common divisor of 16200 and 2360?
40
What is the greatest common divisor of 15308 and 4628?
356
Calculate the greatest common divisor of 203 and 2458649.
29
What is the greatest common divisor of 1971 and 113953?
73
Calculate the highest common factor of 171 and 327.
3
Calculate the highest common divisor of 206184 and 168.
24
What is the highest common divisor of 612575 and 100?
25
What is the greatest common divisor of 7622 and 2060?
206
Calculate the highest common divisor of 9184 and 160.
32
Calculate the highest common divisor of 723455 and 14135.
1285
What is the greatest common factor of 10736776 and 4016?
2008
Calculate the highest common factor of 34002 and 72.
18
What is the highest common factor of 1848173 and 1129?
1129
Calculate the greatest common divisor of 210691 and 247.
247
Calculate the highest common divisor of 226 and 176.
2
Calculate the highest common factor of 3240 and 1920.
120
What is the greatest common factor of 53688 and 204?
12
Calculate the highest common factor of 2735448 and 5274.
1758
Calculate the greatest common divisor of 66 and 327921.
33
Calculate the highest common divisor of 3485 and 305.
5
What is the highest common factor of 257000 and 160?
40
Calculate the highest common divisor of 441 and 36015.
147
Calculate the greatest common divisor of 124272 and 216.
72
Calculate the greatest common divisor of 1444 and 988.
76
Calculate the highest common factor of 26698 and 28.
14
Calculate the greatest common divisor of 220 and 35596.
44
What is the greatest common divisor of 336 and 62097?
21
Calculate the greatest common factor of 108 and 209628.
108
Calculate the greatest common factor of 553 and 42739.
79
What is the highest common factor of 549127 and 898?
449
What is the greatest common divisor of 13330 and 15655?
155
What is the highest common factor of 6344 and 7320?
488
What is the highest common factor of 72749 and 184?
23
Calculate the highest common divisor of 119236 and 156.
52
Calculate the highest common factor of 6 and 723.
3
What is the highest common divisor of 7 and 71708?
7
What is the highest common divisor of 21 and 756357?
21
What is the highest common factor of 69700 and 5440?
340
What is the greatest common divisor of 30 and 11430?
30
What is the greatest common factor of 12 and 28377?
3
What is the highest common divisor of 1880 and 1669816?
376
Calculate the highest common divisor of 38178 and 98.
14
Calculate the greatest common divisor of 34 and 16980.
2
Calculate the highest common factor of 390 and 504010.
130
Calculate the greatest common factor of 110285 and 115.
115
Calculate the greatest common divisor of 67 and 85961.
67
Calculate the highest common divisor of 1756272 and 336.
336
Calculate the highest common divisor of 1207 and 2941.
17
What is the highest common factor of 13778604 and 876?
876
What is the greatest common divisor of 14544 and 9360?
144
Calculate the highest common divisor of 3132 and 2376.
108
Calculate the highest common divisor of 430 and 1051135.
215
What is the greatest common divisor of 26128 and 9936?
368
What is the highest common factor of 221 and 13039?
221
Calculate the high